 remainder when j is divided by n?
3
What is the remainder when 65 - 5/((-10)/6) is divided by 24?
20
Suppose s + z - 51 = 1, 0 = -2*z. What is the remainder when s is divided by 7?
3
Let f be -2 + (1 - (1 - 2)). Suppose t + 7 - 17 = f. Suppose -3*w + 10 = 2*d - 8, -w - 2*d + 6 = 0. Calculate the remainder when t is divided by w.
4
Suppose 0 = 5*g + 2*m - 227, -3*m = -5*m - 8. What is the remainder when g is divided by 12?
11
Let n = -29 + 59. What is the remainder when n is divided by 16?
14
Suppose 3*a = -0*a + 2*p + 48, 4*a = 5*p + 71. Calculate the remainder when 32 is divided by 158/a - (-4)/(-14).
10
Suppose k - 5*j - 102 = 0, -k - j = -2*k + 98. Calculate the remainder when k is divided by 25.
22
Suppose 1 = 5*x - 14, 3*r + 3*x - 222 = 0. Suppose -4*k + 132 = z, 4*k + 5*z = r + 77. Calculate the remainder when k is divided by 12.
8
Calculate the remainder when (-11)/(-22)*(2 + 35 - -1) is divided by 10.
9
Let o(s) = -5*s + 2 + 11*s - 14*s. Let z(y) = -y**3 - 4*y**2 + 6*y + 2. Let v be z(-5). What is the remainder when o(v) is divided by 14?
12
Let v(a) = a**3 + 29*a**2 + 27*a + 17. Calculate the remainder when 87 is divided by v(-28).
42
Suppose -2*g - 12 = 4*h, -2*h + 3*h - 15 = -5*g. What is the remainder when 29/g - (-1)/(-4) is divided by 3?
1
Suppose -h + 7 = -0*h. Let g be (-15)/(-2 + (-33)/(-12)). What is the remainder when (0 + 0 + -1)*g is divided by h?
6
Suppose -2*u = -i + 131, 17 - 133 = -i - u. What is the remainder when i is divided by 41?
39
Let x be 2/5*(-3 - 2). Let r(t) = -14*t + 1. Let i(f) = -f**2 + 22*f + 119. Calculate the remainder when r(x) is divided by i(26).
14
Let o = 11 - -4. Calculate the remainder when o is divided by 8.
7
Let q = -24 + 56. Calculate the remainder when 61 is divided by q.
29
Let i = 1 + 4. Suppose 0 = i*m + 5*a - 40, 0 = -m + 3*a - a + 2. What is the remainder when 21 is divided by m?
3
Suppose -w = -2*w - 30. Let t = 47 + w. Calculate the remainder when t is divided by (0 - 9)/(-1 + 0).
8
Let d be (-2)/(-2) - (0 + 1). Suppose 0 = 2*n - d*n - 4*t - 24, 0 = -4*n - 4*t + 48. Calculate the remainder when 23 is divided by n.
11
Let q(i) = i**3 + 6*i**2 - 9*i - 9. Let d be q(-7). Suppose 3*s = 5*n - 178, -s + 4*n = d + 45. Let w = -38 - s. What is the remainder when w is divided by 10?
8
Calculate the remainder when 10 is divided by -3 - 63/(-6) - 3/6.
3
Let u(d) = -d**2 + 82. Calculate the remainder when u(0) is divided by 12.
10
Let t = -8 - -11. Calculate the remainder when 135/9*(-2)/(-6) is divided by t.
2
Let i = 0 - -4. Calculate the remainder when (38/i)/((-1)/(-2)) is divided by 5.
4
Suppose -2*g = g + 3, 4*z + g - 271 = 0. What is the remainder when z is divided by 23?
22
Suppose -4*f + 21 = 2*z + 1, -z = -f - 22. Let l(d) = -d**2 + 2*d + 33. What is the remainder when l(0) is divided by z?
15
Suppose -4*t + 14*t = 160. What is the remainder when t is divided by 16?
0
Suppose -6*q - 371 = -3*g - q, 5*q = -20. Calculate the remainder when g is divided by 24.
21
Suppose 2*c + 3*c + 10 = 0. Let h be c/(-3)*18/(-4). What is the remainder when 25 is divided by (42/(-9))/(1/h)?
11
Let m(a) = a - 2. Let l be m(3). Suppose -5 = -3*y + l. Suppose -2*b + y + 4 = 0. Calculate the remainder when 5 is divided by b.
2
Suppose -1 = -4*m + 3*m. Suppose -3 = 2*c - 5*c. What is the remainder when c is divided by m?
0
Let t(x) = -10*x - 15. Let c(k) = 5*k + 8. Let q(j) = 7*c(j) + 4*t(j). What is the remainder when 31 is divided by q(-3)?
9
Suppose 3*f + 2*f = 0. Suppose h = -f*h. Suppose h = -c - 2 + 19. Calculate the remainder when 49 is divided by c.
15
Suppose 166 = 6*z - 56. Calculate the remainder when z is divided by 13.
11
Let d(u) = u + u - u + 3 + 5. Let a be d(-6). Let p = 4 + a. Calculate the remainder when 11 is divided by p.
5
Suppose 5*w = -0*w + 5. Suppose 5*o - 9 - w = 0. Suppose o = -3*l + 5*l. What is the remainder when 1 is divided by l?
0
Suppose 33*y = -27*y + 300. Suppose 5*g = -0*g + 70. What is the remainder when g is divided by y?
4
Let i be 1/(-2) + 34/4. Let y = 4 + i. Calculate the remainder when y is divided by 7.
5
Let m be -5*(-6)/(-20)*-4. Let c be (2 - m/3)*-1. Suppose c = -0*t - 2*t + 42. What is the remainder when t is divided by 11?
10
Suppose -35 - 77 = -3*w - 2*l, -4*l = -4*w + 116. What is the remainder when w is divided by 9?
7
Let x(c) = -c**2 - 10*c - 7. Calculate the remainder when x(-7) is divided by 8.
6
Let q(m) = m + 15. Let j(c) = -c**3 - 5*c**2 + 8*c + 12. Let w be j(-6). What is the remainder when 26 is divided by q(w)?
11
Suppose -2*y - 2*p + 95 = p, 0 = 3*y - 4*p - 168. Calculate the remainder when 204 is divided by y.
48
Let i = 13 + 19. What is the remainder when 127 is divided by i?
31
Let y(f) = -23*f + 1. What is the remainder when y(-3) is divided by 18?
16
What is the remainder when 51 is divided by 1458/(-135)*10/(-4)?
24
What is the remainder when 31 is divided by 4 + (15/(-5) - -10)?
9
Let o = -56 + 65. Calculate the remainder when 53 is divided by o.
8
Suppose -v + 0*v + 9 = 0. Suppose 8*d - 78 = 5*d. What is the remainder when d is divided by 0/(-1) - v*-1?
8
Let p(f) = f**2 - f. Let j(l) = -9*l**2 + l - 7. Let x(w) = -j(w) - 6*p(w). What is the remainder when x(-6) is divided by 22?
19
Suppose 3*y = 6*y - 69. Calculate the remainder when (-14)/42 + ((-520)/6)/(-2) is divided by y.
20
Let c(n) = -n**3 - n**2 + 2*n - 1. Let y(w) = w + 3. Let p be y(-5). Let k be c(p). Let h = k + 5. What is the remainder when h is divided by 3?
1
Suppose -3*x = -0*x - 21. Suppose -w - x = -1. What is the remainder when 20 is divided by 115/15 - (-4)/w?
6
Let w = 59 + -35. Let t(h) be the first derivative of -h**2 + 5*h - 1. Calculate the remainder when w is divided by t(-4).
11
Suppose 0 = 3*p - 4 - 5. Suppose -29 + 6 = -o - 3*u, 2*u + 14 = p*o. Let s = 8 - 3. What is the remainder when o is divided by s?
3
Let x = 16 + -10. Suppose 4*l - 4*d = 2*l, -4*l + 2*d = -12. What is the remainder when x is divided by l?
2
Suppose -8 = -s - q - 1, -4*q = 16. Calculate the remainder when 24 is divided by s.
2
Let d = 4 - -1. Suppose -9 = -d*x - 4. Suppose 3*y + x - 31 = 4*j, -5*y - 3*j = -21. What is the remainder when 11 is divided by y?
5
Let g be 48/27 - 10/(-45). Suppose -y - 20 = -g*v, v - 4*y = -3*y + 9. Let x(w) = w**2 - 4*w + 6. Calculate the remainder when v is divided by x(4).
5
Suppose -1 = -j + 1. Let u = 15 - j. What is the remainder when 37 is divided by u?
11
Suppose -3*a = 2*r - 39, 2*r - 3*a - 96 = -r. What is the remainder when 52 is divided by r?
25
Suppose 2*y = -2*r + 60, -4*y - 3*r + 4*r + 100 = 0. Let m = y + -16. Calculate the remainder when m is divided by 4.
2
Let p be 2/6 + 365/(-15). Let j = 38 + p. Suppose -4*t - 40 = -2*b - 0*b, 4*t = -b + 38. What is the remainder when b is divided by j?
12
Let a(d) = 27*d**2 + d. What is the remainder when a(1) is divided by 18?
10
Suppose -4*s - 10*s + 1176 = 0. What is the remainder when s is divided by 30?
24
Suppose 8*z = 4*z - 5*k + 256, -k - 232 = -4*z. Let a = z - 37. Calculate the remainder when 65 is divided by a.
21
Let r = 45 - 24. Suppose 5*a = z + r - 5, 3*a = 12. Suppose 4*f = z*g - 12, -5*g = 5*f - 37 - 8. Calculate the remainder when 11 is divided by g.
5
Calculate the remainder when 14 is divided by (-13)/(-5) + (-5)/(150/(-12)).
2
Let x(d) = d**3 + 26*d**2 + 25*d + 3. Calculate the remainder when 32 is divided by x(-25).
2
Suppose 46*t + 152 = 50*t. What is the remainder when t is divided by 22?
16
Suppose -350 = -15*s + 715. What is the remainder when s is divided by 2/(-8) - 97/(-4)?
23
Calculate the remainder when 38 is divided by (-23)/(-23) - (1 - 5).
3
Let c(t) = -t - 16. Let n be c(-16). Let k(w) = w**3 + 43. What is the remainder when k(n) is divided by 11?
10
Let h(i) = i**2 + 5*i + 2. Let y be h(-4). Calculate the remainder when 4 is divided by y/(-13) - (-74)/26.
1
Let c be (-45)/(-6) - (-1)/2. Suppose d - 5*d = -c. Suppose 0 = 2*m + w - 8, -3*m + 4 + 5 = 3*w. Calculate the remainder when m is divided by d.
1
Calculate the remainder when 19 is divided by -3 + 2 + (0 - -12).
8
What is the remainder when (5/10)/((-3)/(-36)) is divided by (-3)/15 + (-22)/(-10)?
0
Suppose 234 = 4*j - n + 21, n = j - 57. Let l(y) = y**3 - 4*y**2 - 5*y - 4. Let m be l(5). Calculate the remain